7
Let w(v) = -79*v - 19. What is w(0)?
-19
Let w(b) = -b**2 + 15*b - 47. Give w(6).
7
Let g(l) = 4*l**2 - 11*l + 21. What is g(7)?
140
Let b(y) = -7*y**2 + 22*y + 2. Calculate b(3).
5
Let i(x) = 4*x**2 - 8*x + 6. Determine i(4).
38
Let z(q) = -q**3 - 14*q**2 - 15*q - 15. What is z(-13)?
11
Let r(b) = -b**3 - b**2 + 7*b + 11. Give r(-4).
31
Let q(h) = -4*h**2 + 3*h - 1. What is q(1)?
-2
Let h(k) = -2*k**2 + 18*k - 31. Give h(6).
5
Let n(y) = y**3 - 7*y**2 + 7*y - 5. Give n(6).
1
Let q(j) = -15*j + 4. Determine q(-3).
49
Let m(d) = 18*d - 2. Calculate m(-1).
-20
Let a(n) = 27*n - 23. Give a(1).
4
Let n(v) = v**2 - 12*v + 14. Determine n(14).
42
Let t(k) = 12*k**2 - 14*k - 15. Calculate t(-1).
11
Let r(s) = 5*s**2 - 98*s - 24. Give r(20).
16
Let c(m) = 26*m - 56. Determine c(3).
22
Let c(i) = i - 2. Determine c(-7).
-9
Let l(i) = -10*i**2 - 2*i + 1. What is l(1)?
-11
Let u(l) = -2*l**3 - 3*l**2 - l + 5. Calculate u(-4).
89
Let s(x) = x**2 - 9*x + 12. Give s(4).
-8
Let r(u) = -u - 19. What is r(20)?
-39
Let u(q) = q**2 - 16*q + 12. Give u(0).
12
Let v(a) = 19*a + 143. Give v(-8).
-9
Let r(u) = -u**2 + u - 2. Give r(-3).
-14
Let n(u) = 8*u - 11. Calculate n(7).
45
Let d(l) = -16*l + 3. Determine d(-1).
19
Let q(z) = -3*z**3 - 2*z**2 - 8*z + 2. Calculate q(3).
-121
Let n(z) = -z**3 - 24*z**2 + 53*z + 38. Calculate n(-26).
12
Let q(o) = o**3 + 4*o**2 - 6*o + 2. What is q(-6)?
-34
Let w(d) = 4*d - 3. What is w(6)?
21
Let u(a) = 121*a + 496. What is u(-4)?
12
Let b(z) = 2*z**3 - 2*z**2 - 3*z + 5. Determine b(2).
7
Let n(c) = -2*c**2 + 9*c - 5. Determine n(5).
-10
Let c(z) = z**2 - 3*z - 3. Determine c(3).
-3
Let b(x) = x**3 - 8*x**2 + 6*x + 10. Give b(7).
3
Let t(x) = 5*x - 265. Calculate t(41).
-60
Let l(t) = t**2 - 19*t - 14. Calculate l(20).
6
Let y(r) = 20*r + 81. Calculate y(-4).
1
Let r(n) = -41*n + 36. Calculate r(1).
-5
Let g(s) = 7*s**2 + 2*s. Calculate g(-1).
5
Let i(u) = 3*u - 10. Determine i(2).
-4
Let c(r) = -r**3 - 12*r**2 + 2*r + 13. Give c(-12).
-11
Let u(x) = -3*x - 2. Give u(5).
-17
Let n(t) = 22*t + 1. Determine n(4).
89
Let h(u) = -u**3 - 9*u**2 + 9*u - 13. Give h(-10).
-3
Let m(f) = -32*f + 121. Determine m(4).
-7
Let s(h) = h**2 - 21*h - 2. What is s(4)?
-70
Let l(g) = -10*g - 3. Give l(3).
-33
Let m(b) = -b - 3. What is m(0)?
-3
Let s(j) = -8*j - 168. What is s(-27)?
48
Let c(w) = -13*w**3 + w**2 - w + 1. What is c(1)?
-12
Let c(q) = 3*q + 10. Give c(-4).
-2
Let q(a) = 9*a - 1. Give q(4).
35
Let i(n) = n**3 - 4*n**2 + 1. Give i(5).
26
Let k(s) = 3*s**2 + 9*s + 5. Calculate k(-6).
59
Let o(q) = q**2 + 4*q - 22. Calculate o(-7).
-1
Let l(n) = -n**3 - 34*n**2 - 63*n + 16. Calculate l(-32).
-16
Let o(v) = v**3 - 4*v**2 - 7*v - 12. Give o(5).
-22
Let w(m) = m**3 + 10*m**2 + 8. What is w(-10)?
8
Let w(f) = -f**2 + f + 24. Determine w(-5).
-6
Let h(d) = -3*d**2 - 7*d - 9. Calculate h(-1).
-5
Let v(p) = p**2 + 2*p + 1. Give v(-1).
0
Let l(f) = -f**3 + 2*f**2 - 6*f + 3. Calculate l(5).
-102
Let n(u) = -u**3 - 36*u**2 + 47*u + 372. Determine n(-37).
2
Let p(w) = w**3 + 16*w**2 + 17*w + 4. Calculate p(-15).
-26
Let r(s) = s**2 + 37*s - 260. What is r(6)?
-2
Let z(j) = j**2 + 16*j + 26. Calculate z(-15).
11
Let s(p) = 2*p**2 - p - 2. What is s(0)?
-2
Let n(a) = a**3 - 6*a**2 - 5*a + 2. Calculate n(5).
-48
Let g(p) = -p**3 + p**2 - p - 8. What is g(0)?
-8
Let y(d) = -4*d + 14. Determine y(4).
-2
Let o(w) = 6*w**3 - w**2 + w - 1. Determine o(1).
5
Let j(n) = 5*n**2 - 4*n - 9. Give j(-5).
136
Let v(o) = -29*o + 198. Determine v(7).
-5
Let z(a) = a**3 + 7*a**2 + 2*a + 10. Give z(-7).
-4
Let a(i) = -2*i**2 + 37*i - 32. What is a(18)?
-14
Let h(d) = d**3 - d**2 + d - 45. What is h(0)?
-45
Let u(h) = -2*h + 12. What is u(6)?
0
Let z(i) = 11*i**3. What is z(1)?
11
Let y(c) = -5*c - 8. Determine y(-6).
22
Let u(n) = n**2 - 3*n + 5. Determine u(4).
9
Let w(x) = 36*x - 3. Give w(-1).
-39
Let l(b) = b**3 + 8*b**2 + 2*b + 1. Give l(-7).
36
Let c(a) = a - 1. Calculate c(-5).
-6
Let t(n) = -3*n - 6. What is t(3)?
-15
Let b(p) = -2*p**3 + p**2 - p. Calculate b(2).
-14
Let k(q) = 21*q**2 + q. What is k(-2)?
82
Let a(t) = -t**3 - 6*t**2 - 7*t - 7. Calculate a(-3).
-13
Let n(k) = -k**2 - 41*k + 211. What is n(-46)?
-19
Let i(h) = -h**2 + 7*h + 12. Give i(8).
4
Let g(d) = -6*d - 51. Give g(-9).
3
Let b(f) = -5*f - 26. Determine b(0).
-26
Let f(d) = d**2 - 69*d - 709. Determine f(-9).
-7
Let d(w) = w**3 - 2*w**2 + 3*w + 3. Determine d(0).
3
Let q(v) = -v + 31. Calculate q(-19).
50
Let l(d) = -20*d + 9. Calculate l(-3).
69
Let x(y) = -y + 4. What is x(5)?
-1
Let p(r) = 3*r - 90. Determine p(32).
6
Let x(s) = 3*s**3 - s - 2. Calculate x(-2).
-24
Let n(o) = 2*o**3 + 9*o**2 - 3*o - 9. Determine n(-6).
-99
Let i(w) = 19*w + 3. What is i(3)?
60
Let y(n) = -n**3 + 14*n**2 + 18*n - 38. Calculate y(15).
7
Let h(t) = -8*t + 7. Give h(4).
-25
Let p(b) = b + 13. Calculate p(-10).
3
Let c(b) = 9*b + 243. What is c(-26)?
9
Let p(q) = q - 19. What is p(13)?
-6
Let q(u) = -u**3 + 6*u**2 - 6*u + 6. Give q(6).
-30
Let u(c) = 3*c**2 + 34*c + 11. What is u(-11)?
0
Let x(g) = -9*g + 3. Give x(-5).
48
Let v(h) = h + 3. What is v(-6)?
-3
Let f(c) = c**2 + 6*c - 4. What is f(-5)?
-9
Let c(f) = -2*f**2 - 19*f - 31. Determine c(-10).
-41
Let y(h) = h**2 + 15*h - 11. Give y(-16).
5
Let o(k) = -9*k**2 + 2*k - 3. Calculate o(1).
-10
Let c(l) = 82*l**2 - 2*l - 1. Calculate c(-1).
83
Let r(o) = o**3 - 7*o**2 - 3. What is r(7)?
-3
Let f(c) = 39*c - 4. Give f(-1).
-43
Let x(r) = 36*r + 685. Calculate x(-19).
1
Let p(j) = -33*j**2 + j - 3. What is p(-1)?
-37
Let d(h) = -9*h + 101. Give d(18).
-61
Let q(f) = -2*f + 22. Determine q(16).
-10
Let a(s) = -s**2 - 9*s - 4. What is a(-6)?
14
Let p(h) = h**2 + 14. Calculate p(8).
78
Let c(k) = k**3 - 4*k**2 - 10*k + 2. Give c(7).
79
Let i(r) = -3*r - 21. What is i(-6)?
-3
Let v(u) = -4*u**2 + u - 1. Determine v(2).
-15
Let l(z) = z**3 - 7*z**2 + 3*z + 3. Calculate l(5).
-32
Let i(p) = -5*p**3 + p**2 - 4*p - 4. Calculate i(-1).
6
Let t(f) = 2*f**2 + 32*f - 35. Give t(-17).
-1
Let u(r) = -6*r**2 - 3*r + 1. Determine u(2).
-29
Let s(u) = 3*u + 81. Calculate s(-14).
39
Let v(h) = -h**3 + 4*h**2. Give v(3).
9
Let a(w) = -2*w + 7. Determine a(8).
-9
Let x(i) = -i**3 + 11*i**2 - 20*i + 3. What is x(9)?
-15
Let h(y) = y**3 - 11*y**2 + y - 10. What is h(11)?
1
Let m(j) = -j**2 + 5*j - 9. Determine m(0).
-9
Let q(k) = -5*k - 50. What is q(-9)?
-5
Let j(u) = u**3 + 11*u**2 + 22*u - 16. Determine j(-8).
0
Let z(h) = -h**3 - 12*h**2 + 2*h + 8. Calculate z(-12).
-16
Let s(h) = -h**2 + 4*h + 20. Calculate s(-8).
-76
Let v(c) = -c**3 - 6*c**2 - 14*c - 17. What is v(-4)?
7
Let n(p) = 5*p**2 + 4*p - 8. Give n(-5).
97
Let i(l) = -7*l - 3. Determine i(-2).
11
Let t(h) = h**2 + 16*h + 32. What is t(-13)?
-7
Let s(n) = 2*n**2 + 42*n - 38. Determine s(-22).
6
Let k(f) = -f**3 - 13*f**2 - 14*f - 19. Give k(-12).
5
Let n(w) = -14*w**3 - w**2 + w + 1. Determine n(-1).
13
Let c(t) = t**3 - 13*t**2 + 11*t - 17. Give c(12).
-29
Let p(i) = i**3 + 3*i**2 - 14*i - 42. Determine p(-4).
-2
Let q(t) = t - 35. Calculate q(-16).
-51
Let c(y) = y**3 + 5*y**2 - 6*y - 2. What is c(-6)?
-2
Let x(y) = y**2 + 7*y - 16. Calculate x(-9).
2
Let f(i) = 4*i - 21. What is f(-7)?
-49
Let g(f) = 10*f - 8. Calculate g(1).
2
Let k(b) = 29*b - 1. Calculate k(-1).
-30
Let v(w) = -2*w**3 - 5*w**2 - 4*w - 4. What is v(-3)?
17
Let k(j) = -2*j - 2. Give k(0).
-2
Let g(b) = b**3 + 13*b**2 + 13. What is g(-13)?
13
Let p(a) = -2*a**2 + 18*a - 54. Give p(6).
-18
Let m(f) = f**2 + 5*f - 8. What is m(-6)?
-2
Let q(k) = -k + 17. Determine q(16).
1
Let x(l) = 5*l - 63. What is x(0)?
-63
Let o(q) = -7*q**3 + 5*q**2 - 3*q - 4. Give o(2).
-46
Let a(h) = -h**2 + 19*h + 97. Calculate a(23).
5
Let n(t) = -t - 43. Calculate n(-7).
-36
Let t(s) = s**3 - 22*s**2 - s + 21. Give t(22).
-1
Let t(m) = -12*m - 43. What is t(-3)?
-7
Let u(g) = g**3 - 10*g**2 + 7*g + 9. Determine u(5).
-81
Let o(f) = -f**2 + 3*f - 31. Give o(0).
-31
Let q(t) = 2*t**3 + 6*t**2 + 8*t + 8. What is q(-4)?
-56
Let r(u) = -u**2 - 38*u - 217. Calculate r(-7).
0
Let g(s) = 2*s**3 + 5*s**2 - 2*s - 5. Give g(-4).
-45
Let h(q) = 62*q - 15. Calculate h(1).
47
Let s(d) = d**2 - d + 17. What is s(7)?
59
Let s(d) = -81*d - 148. Determine s(-2).
14
Let j(k) = -21